{"id":800,"date":"2014-10-28T10:42:40","date_gmt":"2014-10-28T09:42:40","guid":{"rendered":"http:\/\/patchworkinspirations.fr\/?page_id=800"},"modified":"2016-11-17T09:43:41","modified_gmt":"2016-11-17T08:43:41","slug":"free","status":"publish","type":"page","link":"https:\/\/patchworkinspirations.fr\/?page_id=800","title":{"rendered":"Free"},"content":{"rendered":"<div class=\"fcbkbttn_buttons_block\" id=\"fcbkbttn_left\"><div class=\"fcbkbttn_button\">\n\t\t\t\t\t<a href=\"https:\/\/www.facebook.com\/http:\/\/facebook.com\/patchworkinspirations\" target=\"_blank\">\n\t\t\t\t\t\t<img decoding=\"async\" src=\"https:\/\/patchworkinspirations.fr\/wp-content\/plugins\/facebook-button-plugin\/images\/standard-facebook-ico.png\" alt=\"Fb-Button\" \/>\n\t\t\t\t\t<\/a>\n\t\t\t\t<\/div><div class=\"fcbkbttn_like \"><fb:like href=\"https:\/\/patchworkinspirations.fr\/?page_id=800\" action=\"like\" colorscheme=\"light\" layout=\"button_count\"  size=\"small\"><\/fb:like><\/div><div class=\"fb-share-button  \" data-href=\"https:\/\/patchworkinspirations.fr\/?page_id=800\" data-type=\"button_count\" data-size=\"small\"><\/div><\/div><p>En date du 13 novembre 2016, je vous proposais un nouveau Free que voici !<\/p>\n<p><a href=\"http:\/\/patchworkinspirations.fr\/wp-content\/uploads\/2016\/10\/P1080337.jpg\"><img loading=\"lazy\" decoding=\"async\" class=\"size-medium wp-image-2368 aligncenter\" src=\"http:\/\/patchworkinspirations.fr\/wp-content\/uploads\/2016\/10\/P1080337-300x225.jpg\" alt=\"p1080337\" width=\"300\" height=\"225\" srcset=\"https:\/\/patchworkinspirations.fr\/wp-content\/uploads\/2016\/10\/P1080337-300x225.jpg 300w, https:\/\/patchworkinspirations.fr\/wp-content\/uploads\/2016\/10\/P1080337-768x576.jpg 768w, https:\/\/patchworkinspirations.fr\/wp-content\/uploads\/2016\/10\/P1080337-1024x768.jpg 1024w, https:\/\/patchworkinspirations.fr\/wp-content\/uploads\/2016\/10\/P1080337-400x300.jpg 400w, https:\/\/patchworkinspirations.fr\/wp-content\/uploads\/2016\/10\/P1080337.jpg 1200w\" sizes=\"auto, (max-width: 300px) 100vw, 300px\" \/><\/a><\/p>\n<p>Vous avez les instructions pour le faire ici :<\/p>\n<p>Un nouveau free !<br \/>\nPubli\u00e9 le 13 octobre 2016<br \/>\nBonjour !<\/p>\n<p>Mon blog a trois ans aujourd\u2019hui ! Ce n\u2019est que du bonheur de pouvoir partager avec vous mes aventures au sein de la communaut\u00e9 du patchwork !<br \/>\nMerci \u00e0 toutes les personnes qui ont eu la gentillesse de s\u2019abonner, elles sont, \u00e0 ce jour au nombre de 224 (plus 32 followers sur Bloglovin\u2019 !) et merci \u00e0 celles et ceux qui viennent incognito faire une petite lecture de temps en temps !<\/p>\n<p>Au Printemps dernier, j\u2019avais particip\u00e9 \u00e0 un \u00e9change de Doll quilts et j\u2019avais envoy\u00e9 \u00e0 Christy A. en Oregon un petit quilt que j\u2019avais fait avec grand plaisir.<br \/>\nJ\u2019ai donc chang\u00e9 les couleurs et je les ai adapt\u00e9es \u00e0 l\u2019Automne et \u00e7a donne cela !<\/p>\n<p><a href=\"http:\/\/patchworkinspirations.fr\/wp-content\/uploads\/2016\/10\/P1080337.jpg\"><img loading=\"lazy\" decoding=\"async\" class=\"size-medium wp-image-2368 aligncenter\" src=\"http:\/\/patchworkinspirations.fr\/wp-content\/uploads\/2016\/10\/P1080337-300x225.jpg\" alt=\"p1080337\" width=\"300\" height=\"225\" srcset=\"https:\/\/patchworkinspirations.fr\/wp-content\/uploads\/2016\/10\/P1080337-300x225.jpg 300w, https:\/\/patchworkinspirations.fr\/wp-content\/uploads\/2016\/10\/P1080337-768x576.jpg 768w, https:\/\/patchworkinspirations.fr\/wp-content\/uploads\/2016\/10\/P1080337-1024x768.jpg 1024w, https:\/\/patchworkinspirations.fr\/wp-content\/uploads\/2016\/10\/P1080337-400x300.jpg 400w, https:\/\/patchworkinspirations.fr\/wp-content\/uploads\/2016\/10\/P1080337.jpg 1200w\" sizes=\"auto, (max-width: 300px) 100vw, 300px\" \/><\/a><\/p>\n<p>Ca vous pla\u00eet ? Clic !<\/p>\n<p>Fournitures :<br \/>\nPour les 8 \u00e9toiles, choisir 8 fat quarters ou 20cm de tissu.<br \/>\nPour le fond, 40 cm suffiront (1\/2 yard).<\/p>\n<p>Je pr\u00e9cise que les marges de couture sont incluses dans les mesures !! (aussi bien en cm qu\u2019en inches !)<\/p>\n<p>\u00c9laboration de l\u2019\u00e9toile \u00e0 la machine qui mesure 10 cm (ou 4\u2033) termin\u00e9e (donc 11,5 cm ou 4 1\/2\u2033 non cousue) :<br \/>\n\u2013 Dans le tissu fonc\u00e9, couper 1 carr\u00e9 de 6,40 cm (ou 2 1\/2\u2033) pour le centre.<br \/>\n\u2013 8 carr\u00e9s de 3,80 cm (ou 1 1\/2\u2033).<br \/>\n\u2013 Dans le tissu clair, couper 4 rectangles de 3,80 cm x 6,40 cm (ou 1 1\/2\u2033 x 2 1\/2\u2033).<br \/>\n\u2013 4 carr\u00e9s de 3,80 cm (ou 1 1\/2\u2033) de c\u00f4t\u00e9.<\/p>\n<p><a href=\"http:\/\/patchworkinspirations.fr\/wp-content\/uploads\/2016\/10\/P1080314.jpg\"><img loading=\"lazy\" decoding=\"async\" class=\"size-medium wp-image-2358 aligncenter\" src=\"http:\/\/patchworkinspirations.fr\/wp-content\/uploads\/2016\/10\/P1080314-300x225.jpg\" alt=\"p1080314\" width=\"300\" height=\"225\" srcset=\"https:\/\/patchworkinspirations.fr\/wp-content\/uploads\/2016\/10\/P1080314-300x225.jpg 300w, https:\/\/patchworkinspirations.fr\/wp-content\/uploads\/2016\/10\/P1080314-768x576.jpg 768w, https:\/\/patchworkinspirations.fr\/wp-content\/uploads\/2016\/10\/P1080314-1024x768.jpg 1024w, https:\/\/patchworkinspirations.fr\/wp-content\/uploads\/2016\/10\/P1080314-400x300.jpg 400w, https:\/\/patchworkinspirations.fr\/wp-content\/uploads\/2016\/10\/P1080314.jpg 1200w\" sizes=\"auto, (max-width: 300px) 100vw, 300px\" \/><\/a><\/p>\n<p>Aux rectangles, cousez les triangles comme ci-dessous<\/p>\n<p><a href=\"http:\/\/patchworkinspirations.fr\/wp-content\/uploads\/2016\/10\/P1080315.jpg\"><img loading=\"lazy\" decoding=\"async\" class=\"size-medium wp-image-2359 aligncenter\" src=\"http:\/\/patchworkinspirations.fr\/wp-content\/uploads\/2016\/10\/P1080315-300x225.jpg\" alt=\"p1080315\" width=\"300\" height=\"225\" srcset=\"https:\/\/patchworkinspirations.fr\/wp-content\/uploads\/2016\/10\/P1080315-300x225.jpg 300w, https:\/\/patchworkinspirations.fr\/wp-content\/uploads\/2016\/10\/P1080315-768x576.jpg 768w, https:\/\/patchworkinspirations.fr\/wp-content\/uploads\/2016\/10\/P1080315-1024x768.jpg 1024w, https:\/\/patchworkinspirations.fr\/wp-content\/uploads\/2016\/10\/P1080315-400x300.jpg 400w, https:\/\/patchworkinspirations.fr\/wp-content\/uploads\/2016\/10\/P1080315.jpg 1200w\" sizes=\"auto, (max-width: 300px) 100vw, 300px\" \/><\/a><\/p>\n<p>Nous obtenons alors 4 vols d\u2019oie<\/p>\n<p><a href=\"http:\/\/patchworkinspirations.fr\/wp-content\/uploads\/2016\/10\/P1080316.jpg\"><img loading=\"lazy\" decoding=\"async\" class=\"size-medium wp-image-2360 aligncenter\" src=\"http:\/\/patchworkinspirations.fr\/wp-content\/uploads\/2016\/10\/P1080316-300x225.jpg\" alt=\"p1080316\" width=\"300\" height=\"225\" srcset=\"https:\/\/patchworkinspirations.fr\/wp-content\/uploads\/2016\/10\/P1080316-300x225.jpg 300w, https:\/\/patchworkinspirations.fr\/wp-content\/uploads\/2016\/10\/P1080316-768x576.jpg 768w, https:\/\/patchworkinspirations.fr\/wp-content\/uploads\/2016\/10\/P1080316-1024x768.jpg 1024w, https:\/\/patchworkinspirations.fr\/wp-content\/uploads\/2016\/10\/P1080316-400x300.jpg 400w, https:\/\/patchworkinspirations.fr\/wp-content\/uploads\/2016\/10\/P1080316.jpg 1200w\" sizes=\"auto, (max-width: 300px) 100vw, 300px\" \/><\/a><br \/>\nAu carr\u00e9 central, cousez 2 vols d\u2019oie et aux 2 vols d\u2019oie restants, coudre \u00e0 chaque extr\u00e9mit\u00e9s un carr\u00e9 de tissu clair.<\/p>\n<p><a href=\"http:\/\/patchworkinspirations.fr\/wp-content\/uploads\/2016\/10\/P1080317.jpg\"><img loading=\"lazy\" decoding=\"async\" class=\"size-medium wp-image-2361 aligncenter\" src=\"http:\/\/patchworkinspirations.fr\/wp-content\/uploads\/2016\/10\/P1080317-300x225.jpg\" alt=\"p1080317\" width=\"300\" height=\"225\" srcset=\"https:\/\/patchworkinspirations.fr\/wp-content\/uploads\/2016\/10\/P1080317-300x225.jpg 300w, https:\/\/patchworkinspirations.fr\/wp-content\/uploads\/2016\/10\/P1080317-768x576.jpg 768w, https:\/\/patchworkinspirations.fr\/wp-content\/uploads\/2016\/10\/P1080317-1024x768.jpg 1024w, https:\/\/patchworkinspirations.fr\/wp-content\/uploads\/2016\/10\/P1080317-400x300.jpg 400w, https:\/\/patchworkinspirations.fr\/wp-content\/uploads\/2016\/10\/P1080317.jpg 1200w\" sizes=\"auto, (max-width: 300px) 100vw, 300px\" \/><\/a><br \/>\nVoil\u00e0 notre \u00e9toile termin\u00e9e.<\/p>\n<p><a href=\"http:\/\/patchworkinspirations.fr\/wp-content\/uploads\/2016\/10\/P1080318.jpg\"><img loading=\"lazy\" decoding=\"async\" class=\"size-medium wp-image-2362 aligncenter\" src=\"http:\/\/patchworkinspirations.fr\/wp-content\/uploads\/2016\/10\/P1080318-300x225.jpg\" alt=\"p1080318\" width=\"300\" height=\"225\" srcset=\"https:\/\/patchworkinspirations.fr\/wp-content\/uploads\/2016\/10\/P1080318-300x225.jpg 300w, https:\/\/patchworkinspirations.fr\/wp-content\/uploads\/2016\/10\/P1080318-768x576.jpg 768w, https:\/\/patchworkinspirations.fr\/wp-content\/uploads\/2016\/10\/P1080318-1024x768.jpg 1024w, https:\/\/patchworkinspirations.fr\/wp-content\/uploads\/2016\/10\/P1080318-400x300.jpg 400w, https:\/\/patchworkinspirations.fr\/wp-content\/uploads\/2016\/10\/P1080318.jpg 1200w\" sizes=\"auto, (max-width: 300px) 100vw, 300px\" \/><\/a><\/p>\n<p>Coudre les 7 autres restantes.<\/p>\n<p>Dans le tissu clair, couper 6 carr\u00e9s de 11,5 cm (ou 4 1\/2\u2033) de c\u00f4t\u00e9, 4 rectangles de 23 cm x 11,5 cm (ou 9\u2033 x 4 1\/2\u2033) et 1 autre rectangle de 31,8 cm x 11,5 cm (ou 12 1\/2\u2033 x 4 1\/2\u2033).<br \/>\nDisposez ensuite les carr\u00e9s de tissus clair comme ci-dessous<\/p>\n<p><a href=\"http:\/\/patchworkinspirations.fr\/wp-content\/uploads\/2016\/10\/P1080322.jpg\"><img loading=\"lazy\" decoding=\"async\" class=\"size-medium wp-image-2363 aligncenter\" src=\"http:\/\/patchworkinspirations.fr\/wp-content\/uploads\/2016\/10\/P1080322-300x225.jpg\" alt=\"p1080322\" width=\"300\" height=\"225\" srcset=\"https:\/\/patchworkinspirations.fr\/wp-content\/uploads\/2016\/10\/P1080322-300x225.jpg 300w, https:\/\/patchworkinspirations.fr\/wp-content\/uploads\/2016\/10\/P1080322-768x576.jpg 768w, https:\/\/patchworkinspirations.fr\/wp-content\/uploads\/2016\/10\/P1080322-1024x768.jpg 1024w, https:\/\/patchworkinspirations.fr\/wp-content\/uploads\/2016\/10\/P1080322-400x300.jpg 400w, https:\/\/patchworkinspirations.fr\/wp-content\/uploads\/2016\/10\/P1080322.jpg 1200w\" sizes=\"auto, (max-width: 300px) 100vw, 300px\" \/><\/a><br \/>\nLes rectangles<\/p>\n<p><a href=\"http:\/\/patchworkinspirations.fr\/wp-content\/uploads\/2016\/10\/P1080323.jpg\"><img loading=\"lazy\" decoding=\"async\" class=\"size-medium wp-image-2364 aligncenter\" src=\"http:\/\/patchworkinspirations.fr\/wp-content\/uploads\/2016\/10\/P1080323-300x225.jpg\" alt=\"p1080323\" width=\"300\" height=\"225\" srcset=\"https:\/\/patchworkinspirations.fr\/wp-content\/uploads\/2016\/10\/P1080323-300x225.jpg 300w, https:\/\/patchworkinspirations.fr\/wp-content\/uploads\/2016\/10\/P1080323-768x576.jpg 768w, https:\/\/patchworkinspirations.fr\/wp-content\/uploads\/2016\/10\/P1080323-1024x768.jpg 1024w, https:\/\/patchworkinspirations.fr\/wp-content\/uploads\/2016\/10\/P1080323-400x300.jpg 400w, https:\/\/patchworkinspirations.fr\/wp-content\/uploads\/2016\/10\/P1080323.jpg 1200w\" sizes=\"auto, (max-width: 300px) 100vw, 300px\" \/><\/a><\/p>\n<p>Coudre les blocs entre eux et \u00f4ter l\u2019exc\u00e9dent des tissus sur les bords.<\/p>\n<p><a href=\"http:\/\/patchworkinspirations.fr\/wp-content\/uploads\/2016\/10\/P1080327.jpg\"><img loading=\"lazy\" decoding=\"async\" class=\"size-medium wp-image-2365 aligncenter\" src=\"http:\/\/patchworkinspirations.fr\/wp-content\/uploads\/2016\/10\/P1080327-300x225.jpg\" alt=\"p1080327\" width=\"300\" height=\"225\" srcset=\"https:\/\/patchworkinspirations.fr\/wp-content\/uploads\/2016\/10\/P1080327-300x225.jpg 300w, https:\/\/patchworkinspirations.fr\/wp-content\/uploads\/2016\/10\/P1080327-768x576.jpg 768w, https:\/\/patchworkinspirations.fr\/wp-content\/uploads\/2016\/10\/P1080327-1024x768.jpg 1024w, https:\/\/patchworkinspirations.fr\/wp-content\/uploads\/2016\/10\/P1080327-400x300.jpg 400w, https:\/\/patchworkinspirations.fr\/wp-content\/uploads\/2016\/10\/P1080327.jpg 1200w\" sizes=\"auto, (max-width: 300px) 100vw, 300px\" \/><\/a><\/p>\n<p>Votre top est termin\u00e9. Reste \u00e0 le quilter\u2026.je n\u2019ai pas pu commencer tout de suite\u2026. &#x1f642;<\/p>\n<p><a href=\"http:\/\/patchworkinspirations.fr\/wp-content\/uploads\/2016\/10\/P1080328.jpg\"><img loading=\"lazy\" decoding=\"async\" class=\"size-medium wp-image-2366 aligncenter\" src=\"http:\/\/patchworkinspirations.fr\/wp-content\/uploads\/2016\/10\/P1080328-300x225.jpg\" alt=\"p1080328\" width=\"300\" height=\"225\" srcset=\"https:\/\/patchworkinspirations.fr\/wp-content\/uploads\/2016\/10\/P1080328-300x225.jpg 300w, https:\/\/patchworkinspirations.fr\/wp-content\/uploads\/2016\/10\/P1080328-768x576.jpg 768w, https:\/\/patchworkinspirations.fr\/wp-content\/uploads\/2016\/10\/P1080328-1024x768.jpg 1024w, https:\/\/patchworkinspirations.fr\/wp-content\/uploads\/2016\/10\/P1080328-400x300.jpg 400w, https:\/\/patchworkinspirations.fr\/wp-content\/uploads\/2016\/10\/P1080328.jpg 1200w\" sizes=\"auto, (max-width: 300px) 100vw, 300px\" \/><\/a><\/p>\n<p>Le quilting a \u00e9t\u00e9 r\u00e9alis\u00e9 \u00e0 la main et j\u2019ai utilis\u00e9 du fil multi couleurs mais ce n\u2019ai pas une obligation ! Lorsqu\u2019il y a beaucoup d\u2019espace libre dans un quilt, cela am\u00e8ne forc\u00e9ment \u00e0 un quilting dense.<\/p>\n<p><a href=\"http:\/\/patchworkinspirations.fr\/wp-content\/uploads\/2016\/10\/P1080339.jpg\"><img loading=\"lazy\" decoding=\"async\" class=\"size-medium wp-image-2369 aligncenter\" src=\"http:\/\/patchworkinspirations.fr\/wp-content\/uploads\/2016\/10\/P1080339-300x225.jpg\" alt=\"p1080339\" width=\"300\" height=\"225\" srcset=\"https:\/\/patchworkinspirations.fr\/wp-content\/uploads\/2016\/10\/P1080339-300x225.jpg 300w, https:\/\/patchworkinspirations.fr\/wp-content\/uploads\/2016\/10\/P1080339-768x576.jpg 768w, https:\/\/patchworkinspirations.fr\/wp-content\/uploads\/2016\/10\/P1080339-1024x768.jpg 1024w, https:\/\/patchworkinspirations.fr\/wp-content\/uploads\/2016\/10\/P1080339-400x300.jpg 400w, https:\/\/patchworkinspirations.fr\/wp-content\/uploads\/2016\/10\/P1080339.jpg 1200w\" sizes=\"auto, (max-width: 300px) 100vw, 300px\" \/><\/a><\/p>\n<p>J\u2019ai voulu un tissu de dos tr\u00e8s \u00ab pumpkin et automnal \u00bb !!<\/p>\n<p><a href=\"http:\/\/patchworkinspirations.fr\/wp-content\/uploads\/2016\/10\/P1080340.jpg\"><img loading=\"lazy\" decoding=\"async\" class=\"size-medium wp-image-2370 aligncenter\" src=\"http:\/\/patchworkinspirations.fr\/wp-content\/uploads\/2016\/10\/P1080340-300x225.jpg\" alt=\"p1080340\" width=\"300\" height=\"225\" srcset=\"https:\/\/patchworkinspirations.fr\/wp-content\/uploads\/2016\/10\/P1080340-300x225.jpg 300w, https:\/\/patchworkinspirations.fr\/wp-content\/uploads\/2016\/10\/P1080340-768x576.jpg 768w, https:\/\/patchworkinspirations.fr\/wp-content\/uploads\/2016\/10\/P1080340-1024x768.jpg 1024w, https:\/\/patchworkinspirations.fr\/wp-content\/uploads\/2016\/10\/P1080340-400x300.jpg 400w, https:\/\/patchworkinspirations.fr\/wp-content\/uploads\/2016\/10\/P1080340.jpg 1200w\" sizes=\"auto, (max-width: 300px) 100vw, 300px\" \/><\/a><br \/>\nVoil\u00e0 ! Ajouter un biais et le mini sera termin\u00e9 !<br \/>\nIl mesure 52 cm de c\u00f4t\u00e9 (ou 20 1\/2 \u00ab ).<\/p>\n<p><a href=\"http:\/\/patchworkinspirations.fr\/wp-content\/uploads\/2016\/10\/P1080336-e1475739649702.jpg\"><img loading=\"lazy\" decoding=\"async\" class=\"size-medium wp-image-2367 aligncenter\" src=\"http:\/\/patchworkinspirations.fr\/wp-content\/uploads\/2016\/10\/P1080336-e1475739649702-225x300.jpg\" alt=\"p1080336\" width=\"225\" height=\"300\" srcset=\"https:\/\/patchworkinspirations.fr\/wp-content\/uploads\/2016\/10\/P1080336-e1475739649702-225x300.jpg 225w, https:\/\/patchworkinspirations.fr\/wp-content\/uploads\/2016\/10\/P1080336-e1475739649702-768x1024.jpg 768w, https:\/\/patchworkinspirations.fr\/wp-content\/uploads\/2016\/10\/P1080336-e1475739649702.jpg 900w\" sizes=\"auto, (max-width: 225px) 100vw, 225px\" \/><\/a><\/p>\n<p>J\u2019esp\u00e8re que ce free vous a plu ! Amusez-vous bien ! &#x1f642;<\/p>\n<p>Je vous remercie pour vos visites.<\/p>\n<p>&nbsp;<\/p>\n<p>Le 13 novembre 2014<\/p>\n<p><a href=\"http:\/\/patchworkinspirations.fr\/wp-content\/uploads\/2014\/10\/P1060507.jpg\"><img loading=\"lazy\" decoding=\"async\" class=\"alignnone size-medium wp-image-763\" src=\"http:\/\/patchworkinspirations.fr\/wp-content\/uploads\/2014\/10\/P1060507-300x225.jpg\" alt=\"P1060507\" width=\"300\" height=\"225\" srcset=\"https:\/\/patchworkinspirations.fr\/wp-content\/uploads\/2014\/10\/P1060507-300x225.jpg 300w, https:\/\/patchworkinspirations.fr\/wp-content\/uploads\/2014\/10\/P1060507-1024x768.jpg 1024w, https:\/\/patchworkinspirations.fr\/wp-content\/uploads\/2014\/10\/P1060507-400x300.jpg 400w, https:\/\/patchworkinspirations.fr\/wp-content\/uploads\/2014\/10\/P1060507.jpg 1200w\" sizes=\"auto, (max-width: 300px) 100vw, 300px\" \/><\/a><\/p>\n<p>Je n&rsquo;ai rien appliqu\u00e9 au centre car je l&rsquo;ai fait pour poser une lampe dessus !<br \/>\n<a href=\"http:\/\/patchworkinspirations.fr\/wp-content\/uploads\/2014\/10\/P1060502-e1413189944199.jpg\"><img loading=\"lazy\" decoding=\"async\" class=\"alignnone size-medium wp-image-761\" src=\"http:\/\/patchworkinspirations.fr\/wp-content\/uploads\/2014\/10\/P1060502-e1413189944199-225x300.jpg\" alt=\"P1060502\" width=\"225\" height=\"300\" srcset=\"https:\/\/patchworkinspirations.fr\/wp-content\/uploads\/2014\/10\/P1060502-e1413189944199-225x300.jpg 225w, https:\/\/patchworkinspirations.fr\/wp-content\/uploads\/2014\/10\/P1060502-e1413189944199-768x1024.jpg 768w, https:\/\/patchworkinspirations.fr\/wp-content\/uploads\/2014\/10\/P1060502-e1413189944199.jpg 900w\" sizes=\"auto, (max-width: 225px) 100vw, 225px\" \/><\/a><\/p>\n<p>Avant de le commencer, je vous pr\u00e9cise que <em>les marges de couture ne sont pas comprises dans les mesures<\/em> ! (seam allowance non included !)<\/p>\n<p><strong>Fournitures :<\/strong><br \/>\nUne chute de 40cm de beige.<br \/>\nUn fat quarter de noir uni.<br \/>\nChutes de gris, noirs et beiges&#8230;..<br \/>\nChutes de bordeaux.<\/p>\n<p><strong>Pour les blocs de Log Cabin :<\/strong><\/p>\n<p>Pr\u00e9parez 6 bandes dans le rhodo\u00efd , toutes de 2 cm (3\/4&Prime;) de large et coupez dans les 3 coloris :<\/p>\n<p>A : 2 cm x 2 cm (3\/4&Prime; x 3\/4&Prime;) x1<br \/>\nB : 2 cm x 2 cm (3\/4&Prime; x 3\/4&Prime;) x1<br \/>\nC : 4 cm x 2 cm (1&Prime;5\/8 x 3\/4&Prime;) x2<br \/>\nD : 6 cm x 2 cm (2&Prime;3\/8 x 3\/4&Prime;) x2<br \/>\nE : 8 cm x 2 cm (3&Prime;1\/8 x 3\/4&Prime;) x2<br \/>\nF : 10 cm x 2 cm (4&Prime; x 3\/4&Prime;) x1<\/p>\n<p>Montez les 4 blocs. Au final, ils feront 10 cm de c\u00f4t\u00e9 (4&Prime; x 4&Prime;).<\/p>\n<p>Coupez dans du tissu beige faux-uni, deux rectangles de 10 cm x 15 cm (4&Prime; x 6&Prime;) dont une extr\u00e9mit\u00e9 sera coup\u00e9e en arrondi.<br \/>\n<a href=\"http:\/\/patchworkinspirations.fr\/wp-content\/uploads\/2014\/10\/P1060503.jpg\"><img loading=\"lazy\" decoding=\"async\" class=\"alignnone size-medium wp-image-762\" src=\"http:\/\/patchworkinspirations.fr\/wp-content\/uploads\/2014\/10\/P1060503-300x225.jpg\" alt=\"P1060503\" width=\"300\" height=\"225\" srcset=\"https:\/\/patchworkinspirations.fr\/wp-content\/uploads\/2014\/10\/P1060503-300x225.jpg 300w, https:\/\/patchworkinspirations.fr\/wp-content\/uploads\/2014\/10\/P1060503-1024x768.jpg 1024w, https:\/\/patchworkinspirations.fr\/wp-content\/uploads\/2014\/10\/P1060503-400x300.jpg 400w, https:\/\/patchworkinspirations.fr\/wp-content\/uploads\/2014\/10\/P1060503.jpg 1200w\" sizes=\"auto, (max-width: 300px) 100vw, 300px\" \/><\/a><\/p>\n<p>NE PAS RIRE SVP !! \ud83d\ude42<br \/>\nPour confectionner l&rsquo;arrondi, j&rsquo;avoue avoir bidouill\u00e9 \u00e0 la \u00ab\u00a0hop hop hop !\u00a0\u00bb&#8230;.c&rsquo;est-\u00e0-dire : prendre un cerceau de brodeuse (on a toutes \u00e7a dans nos tiroirs) de taille 12,5cm, le positionner au ras des 10cm et tracer l&rsquo;arrondi au-dessus (sans oublier de faire la marge de couture !)<br \/>\n<a href=\"http:\/\/patchworkinspirations.fr\/wp-content\/uploads\/2014\/10\/P1060493.jpg\"><img loading=\"lazy\" decoding=\"async\" class=\"alignnone size-medium wp-image-756\" src=\"http:\/\/patchworkinspirations.fr\/wp-content\/uploads\/2014\/10\/P1060493-300x225.jpg\" alt=\"P1060493\" width=\"300\" height=\"225\" srcset=\"https:\/\/patchworkinspirations.fr\/wp-content\/uploads\/2014\/10\/P1060493-300x225.jpg 300w, https:\/\/patchworkinspirations.fr\/wp-content\/uploads\/2014\/10\/P1060493-1024x768.jpg 1024w, https:\/\/patchworkinspirations.fr\/wp-content\/uploads\/2014\/10\/P1060493-400x300.jpg 400w, https:\/\/patchworkinspirations.fr\/wp-content\/uploads\/2014\/10\/P1060493.jpg 1200w\" sizes=\"auto, (max-width: 300px) 100vw, 300px\" \/><\/a><\/p>\n<p>Coudre de part et d&rsquo;autre un bloc de Log.<\/p>\n<p><a href=\"http:\/\/patchworkinspirations.fr\/wp-content\/uploads\/2014\/10\/P1060494.jpg\"><img loading=\"lazy\" decoding=\"async\" class=\"alignnone size-medium wp-image-757\" src=\"http:\/\/patchworkinspirations.fr\/wp-content\/uploads\/2014\/10\/P1060494-300x225.jpg\" alt=\"P1060494\" width=\"300\" height=\"225\" srcset=\"https:\/\/patchworkinspirations.fr\/wp-content\/uploads\/2014\/10\/P1060494-300x225.jpg 300w, https:\/\/patchworkinspirations.fr\/wp-content\/uploads\/2014\/10\/P1060494-1024x768.jpg 1024w, https:\/\/patchworkinspirations.fr\/wp-content\/uploads\/2014\/10\/P1060494-400x300.jpg 400w, https:\/\/patchworkinspirations.fr\/wp-content\/uploads\/2014\/10\/P1060494.jpg 1200w\" sizes=\"auto, (max-width: 300px) 100vw, 300px\" \/><\/a><\/p>\n<p>Tailler une bande dans le tissu beige de 10 cm de largeur et de 31 cm de longueur dont les deux extr\u00e9mit\u00e9s seront, elles aussi, coup\u00e9es en arrondi.<br \/>\nFormer le top.<br \/>\n<a href=\"http:\/\/patchworkinspirations.fr\/wp-content\/uploads\/2014\/10\/P1060497.jpg\"><img loading=\"lazy\" decoding=\"async\" class=\"alignnone size-medium wp-image-758\" src=\"http:\/\/patchworkinspirations.fr\/wp-content\/uploads\/2014\/10\/P1060497-300x225.jpg\" alt=\"P1060497\" width=\"300\" height=\"225\" srcset=\"https:\/\/patchworkinspirations.fr\/wp-content\/uploads\/2014\/10\/P1060497-300x225.jpg 300w, https:\/\/patchworkinspirations.fr\/wp-content\/uploads\/2014\/10\/P1060497-1024x768.jpg 1024w, https:\/\/patchworkinspirations.fr\/wp-content\/uploads\/2014\/10\/P1060497-400x300.jpg 400w, https:\/\/patchworkinspirations.fr\/wp-content\/uploads\/2014\/10\/P1060497.jpg 1200w\" sizes=\"auto, (max-width: 300px) 100vw, 300px\" \/><\/a><\/p>\n<p><a href=\"http:\/\/patchworkinspirations.fr\/wp-content\/uploads\/2014\/10\/P1060499.jpg\"><img loading=\"lazy\" decoding=\"async\" class=\"alignnone size-medium wp-image-760\" src=\"http:\/\/patchworkinspirations.fr\/wp-content\/uploads\/2014\/10\/P1060499-300x225.jpg\" alt=\"P1060499\" width=\"300\" height=\"225\" srcset=\"https:\/\/patchworkinspirations.fr\/wp-content\/uploads\/2014\/10\/P1060499-300x225.jpg 300w, https:\/\/patchworkinspirations.fr\/wp-content\/uploads\/2014\/10\/P1060499-1024x768.jpg 1024w, https:\/\/patchworkinspirations.fr\/wp-content\/uploads\/2014\/10\/P1060499-400x300.jpg 400w, https:\/\/patchworkinspirations.fr\/wp-content\/uploads\/2014\/10\/P1060499.jpg 1200w\" sizes=\"auto, (max-width: 300px) 100vw, 300px\" \/><\/a><\/p>\n<p>Dans le tissu noir, tailler 2 bandes de 5 cm x 36 cm (2&Prime; x 14&Prime; ) et 2 autres bandes de 5 cm x 40 cm (2&Prime; x 15&Prime;3\/4) et poser un biais tout autour du top.<br \/>\nLes plus courageuses poseront un biais en seul morceaux&#8230;.<\/p>\n<p><strong>Monter les 4 \u00ab\u00a0jardins de grand-m\u00e8re\u00a0\u00bb.<\/strong><br \/>\nPour la taille de l&rsquo;hexagone, j&rsquo;ai pris comme gabarit du 2 cm (3\/4&Prime;).<\/p>\n<p><a href=\"http:\/\/patchworkinspirations.fr\/wp-content\/uploads\/2014\/10\/P1060498.jpg\"><img loading=\"lazy\" decoding=\"async\" class=\"alignnone size-medium wp-image-759\" src=\"http:\/\/patchworkinspirations.fr\/wp-content\/uploads\/2014\/10\/P1060498-300x225.jpg\" alt=\"P1060498\" width=\"300\" height=\"225\" srcset=\"https:\/\/patchworkinspirations.fr\/wp-content\/uploads\/2014\/10\/P1060498-300x225.jpg 300w, https:\/\/patchworkinspirations.fr\/wp-content\/uploads\/2014\/10\/P1060498-1024x768.jpg 1024w, https:\/\/patchworkinspirations.fr\/wp-content\/uploads\/2014\/10\/P1060498-400x300.jpg 400w, https:\/\/patchworkinspirations.fr\/wp-content\/uploads\/2014\/10\/P1060498.jpg 1200w\" sizes=\"auto, (max-width: 300px) 100vw, 300px\" \/><\/a><br \/>\nAppliquer les 4 fleurs.<\/p>\n<p>B\u00e2tir, et quilter selon votre pr\u00e9f\u00e9rence !<br \/>\nJ&rsquo;ai utilis\u00e9 de la flanelle pour faire le sandwich car je trouve que pour les minis, c&rsquo;est plus fin et plus lourd que de la ouatine.<br \/>\nLe patch au final mesure 36 cm x 36 cm (14&Prime; x 14&Prime;).<\/p>\n","protected":false},"excerpt":{"rendered":"<p>En date du 13 novembre 2016, je vous proposais un nouveau Free que voici ! Vous avez les instructions pour le faire ici : Un nouveau free ! Publi\u00e9 le 13 octobre 2016 Bonjour ! Mon blog a trois ans &hellip; <a href=\"https:\/\/patchworkinspirations.fr\/?page_id=800\">Continuer la lecture <span class=\"meta-nav\">&rarr;<\/span><\/a><\/p>\n","protected":false},"author":1,"featured_media":0,"parent":0,"menu_order":0,"comment_status":"open","ping_status":"open","template":"","meta":{"footnotes":""},"class_list":["post-800","page","type-page","status-publish","hentry"],"_links":{"self":[{"href":"https:\/\/patchworkinspirations.fr\/index.php?rest_route=\/wp\/v2\/pages\/800","targetHints":{"allow":["GET"]}}],"collection":[{"href":"https:\/\/patchworkinspirations.fr\/index.php?rest_route=\/wp\/v2\/pages"}],"about":[{"href":"https:\/\/patchworkinspirations.fr\/index.php?rest_route=\/wp\/v2\/types\/page"}],"author":[{"embeddable":true,"href":"https:\/\/patchworkinspirations.fr\/index.php?rest_route=\/wp\/v2\/users\/1"}],"replies":[{"embeddable":true,"href":"https:\/\/patchworkinspirations.fr\/index.php?rest_route=%2Fwp%2Fv2%2Fcomments&post=800"}],"version-history":[{"count":5,"href":"https:\/\/patchworkinspirations.fr\/index.php?rest_route=\/wp\/v2\/pages\/800\/revisions"}],"predecessor-version":[{"id":2444,"href":"https:\/\/patchworkinspirations.fr\/index.php?rest_route=\/wp\/v2\/pages\/800\/revisions\/2444"}],"wp:attachment":[{"href":"https:\/\/patchworkinspirations.fr\/index.php?rest_route=%2Fwp%2Fv2%2Fmedia&parent=800"}],"curies":[{"name":"wp","href":"https:\/\/api.w.org\/{rel}","templated":true}]}}